{"id":136,"date":"2020-01-13T13:47:51","date_gmt":"2020-01-13T12:47:51","guid":{"rendered":"http:\/\/www.kinesiologue-anglet.fr\/?page_id=136"},"modified":"2025-05-21T10:41:42","modified_gmt":"2025-05-21T08:41:42","slug":"pour-qui-pour-quoi","status":"publish","type":"page","link":"https:\/\/www.kinesiologue-latestedebuch.fr\/index.php\/pour-qui-pour-quoi\/","title":{"rendered":"Pourquoi me consulter?"},"content":{"rendered":"\n<div class=\"wp-block-group\"><div class=\"wp-block-group__inner-container is-layout-flow wp-block-group-is-layout-flow\">\n<div class=\"wp-block-media-text alignwide\" style=\"grid-template-columns:37% auto\"><figure class=\"wp-block-media-text__media\"><img data-recalc-dims=\"1\" fetchpriority=\"high\" decoding=\"async\" width=\"682\" height=\"1024\" src=\"https:\/\/i0.wp.com\/www.kinesiologue-anglet.fr\/wp-content\/uploads\/2020\/01\/virginiejeanniere-kinesiologue-anglet-seance_enfant03_w-682x1024.jpg?resize=682%2C1024\" alt=\"\" class=\"wp-image-192 size-full\" srcset=\"https:\/\/i0.wp.com\/www.kinesiologue-latestedebuch.fr\/wp-content\/uploads\/2020\/01\/virginiejeanniere-kinesiologue-anglet-seance_enfant03_w.jpg?resize=682%2C1024&amp;ssl=1 682w, https:\/\/i0.wp.com\/www.kinesiologue-latestedebuch.fr\/wp-content\/uploads\/2020\/01\/virginiejeanniere-kinesiologue-anglet-seance_enfant03_w.jpg?resize=600%2C900&amp;ssl=1 600w, https:\/\/i0.wp.com\/www.kinesiologue-latestedebuch.fr\/wp-content\/uploads\/2020\/01\/virginiejeanniere-kinesiologue-anglet-seance_enfant03_w.jpg?resize=200%2C300&amp;ssl=1 200w, https:\/\/i0.wp.com\/www.kinesiologue-latestedebuch.fr\/wp-content\/uploads\/2020\/01\/virginiejeanniere-kinesiologue-anglet-seance_enfant03_w.jpg?resize=768%2C1152&amp;ssl=1 768w, https:\/\/i0.wp.com\/www.kinesiologue-latestedebuch.fr\/wp-content\/uploads\/2020\/01\/virginiejeanniere-kinesiologue-anglet-seance_enfant03_w.jpg?resize=1024%2C1536&amp;ssl=1 1024w, https:\/\/i0.wp.com\/www.kinesiologue-latestedebuch.fr\/wp-content\/uploads\/2020\/01\/virginiejeanniere-kinesiologue-anglet-seance_enfant03_w.jpg?w=1333&amp;ssl=1 1333w\" sizes=\"(max-width: 682px) 100vw, 682px\" \/><\/figure><div class=\"wp-block-media-text__content\">\n<p class=\"has-large-font-size\">Au-del\u00e0 de mes accompagnements sp\u00e9cifiques, je vous aide \u00e0 lib\u00e9rer et traiter tous les d\u00e9s\u00e9quilibres que vous rencontrez, gr\u00e2ce \u00e0 mon expertise de plus de 6 ans!<\/p>\n\n\n\n<div class=\"wp-block-buttons is-layout-flex wp-block-buttons-is-layout-flex\">\n<div class=\"wp-block-button\"><a class=\"wp-block-button__link wp-element-button\" href=\"https:\/\/www.kinesiologue-latestedebuch.fr\/index.php\/contact\/\">r\u00e9servez votre appel gratuit<\/a><\/div>\n<\/div>\n<\/div><\/div>\n\n\n\n<h2 class=\"wp-block-heading\">AUTRES RAISONS DE CONSULTER:<\/h2>\n\n\n\n<h4 class=\"wp-block-heading has-text-align-center\">voici quelques exemples:<\/h4>\n<\/div><\/div>\n\n\n\n<div class=\"wp-block-columns is-layout-flex wp-container-core-columns-is-layout-9d6595d7 wp-block-columns-is-layout-flex\">\n<div class=\"wp-block-column is-vertically-aligned-top is-layout-flow wp-block-column-is-layout-flow\">\n<figure class=\"wp-block-image size-large is-resized\"><img data-recalc-dims=\"1\" decoding=\"async\" width=\"290\" height=\"191\" data-src=\"https:\/\/i0.wp.com\/www.kinesiologue-anglet.fr\/wp-content\/uploads\/2020\/03\/virginiejeanniere-kinesiologue-anglet-sante-bien-etre-travail-188x124-1.jpg?resize=290%2C191\" alt=\"\" class=\"wp-image-230 lazyload\" style=\"--smush-placeholder-width: 290px; --smush-placeholder-aspect-ratio: 290\/191;width:201px;height:131px\" src=\"data:image\/svg+xml;base64,PHN2ZyB3aWR0aD0iMSIgaGVpZ2h0PSIxIiB4bWxucz0iaHR0cDovL3d3dy53My5vcmcvMjAwMC9zdmciPjwvc3ZnPg==\" \/><figcaption class=\"wp-element-caption\">SE SENTIR PLUS \u00c9PANOUI<\/figcaption><\/figure>\n\n\n\n<div class=\"wp-block-buttons is-layout-flex wp-block-buttons-is-layout-flex\">\n<div class=\"wp-block-button\"><a class=\"wp-block-button__link wp-element-button\" href=\"http:\/\/resalib.fr\/p\/25420\">PRENDRE RENDEZ-VOUS<\/a><\/div>\n<\/div>\n\n\n\n<p><strong>VIE ACTIVE<\/strong>:<\/p>\n\n\n\n<ul class=\"wp-block-list\">\n<li>Stress li\u00e9 au travail<\/li>\n\n\n\n<li>Surcharge mentale<\/li>\n\n\n\n<li>Difficult\u00e9 de couple<\/li>\n\n\n\n<li>Angoisses<\/li>\n\n\n\n<li>Mal-\u00eatre<\/li>\n\n\n\n<li>Fatigue chronique<\/li>\n<\/ul>\n<\/div>\n\n\n\n<div class=\"wp-block-column is-layout-flow wp-block-column-is-layout-flow\">\n<figure class=\"wp-block-image size-large is-resized\"><img data-recalc-dims=\"1\" decoding=\"async\" width=\"653\" height=\"431\" data-src=\"https:\/\/i0.wp.com\/www.kinesiologue-anglet.fr\/wp-content\/uploads\/2020\/03\/enfant-ecole-reussite_virginiejeanniere-kinesiologue-anglet-188x124-1.jpg?resize=653%2C431\" alt=\"\" class=\"wp-image-231 lazyload\" style=\"--smush-placeholder-width: 653px; --smush-placeholder-aspect-ratio: 653\/431;width:201px;height:132px\" data-srcset=\"https:\/\/i0.wp.com\/www.kinesiologue-latestedebuch.fr\/wp-content\/uploads\/2020\/03\/enfant-ecole-reussite_virginiejeanniere-kinesiologue-anglet-188x124-1.jpg?w=653&amp;ssl=1 653w, https:\/\/i0.wp.com\/www.kinesiologue-latestedebuch.fr\/wp-content\/uploads\/2020\/03\/enfant-ecole-reussite_virginiejeanniere-kinesiologue-anglet-188x124-1.jpg?resize=600%2C396&amp;ssl=1 600w, https:\/\/i0.wp.com\/www.kinesiologue-latestedebuch.fr\/wp-content\/uploads\/2020\/03\/enfant-ecole-reussite_virginiejeanniere-kinesiologue-anglet-188x124-1.jpg?resize=300%2C198&amp;ssl=1 300w\" data-sizes=\"(max-width: 653px) 100vw, 653px\" src=\"data:image\/svg+xml;base64,PHN2ZyB3aWR0aD0iMSIgaGVpZ2h0PSIxIiB4bWxucz0iaHR0cDovL3d3dy53My5vcmcvMjAwMC9zdmciPjwvc3ZnPg==\" \/><figcaption class=\"wp-element-caption\"><em>FACILITER LES APPRENTISSAGES<\/em><\/figcaption><\/figure>\n\n\n\n<div class=\"wp-block-buttons is-layout-flex wp-block-buttons-is-layout-flex\">\n<div class=\"wp-block-button\"><a class=\"wp-block-button__link wp-element-button\" href=\"http:\/\/resalib.fr\/p\/25420\">PRENDRE RENDEZ-VOUS<\/a><\/div>\n<\/div>\n\n\n\n<p><strong>APPRENTISSAGE<\/strong>:<\/p>\n\n\n\n<ul class=\"wp-block-list has-small-font-size\">\n<li>Difficult\u00e9es d\u2019apprentissage (Lecture, \u00e9criture, organisation, m\u00e9moire\u2026) &#8211; Troubles Dys.<\/li>\n\n\n\n<li>Comportement non apais\u00e9<\/li>\n\n\n\n<li>Hyper-activit\u00e9<\/li>\n\n\n\n<li>Timidit\u00e9, Tristesse, Col\u00e8re<\/li>\n<\/ul>\n<\/div>\n\n\n\n<div class=\"wp-block-column is-layout-flow wp-block-column-is-layout-flow\"><div class=\"wp-block-image\">\n<figure class=\"aligncenter size-large is-resized\"><img data-recalc-dims=\"1\" decoding=\"async\" width=\"289\" height=\"191\" data-src=\"https:\/\/i0.wp.com\/www.kinesiologue-anglet.fr\/wp-content\/uploads\/2020\/03\/fem_enceinte_virginiejeanniere-kinesiologue-anglet-188x124-1.jpg?resize=289%2C191\" alt=\"\" class=\"wp-image-232 lazyload\" style=\"--smush-placeholder-width: 289px; --smush-placeholder-aspect-ratio: 289\/191;width:200px;height:131px\" src=\"data:image\/svg+xml;base64,PHN2ZyB3aWR0aD0iMSIgaGVpZ2h0PSIxIiB4bWxucz0iaHR0cDovL3d3dy53My5vcmcvMjAwMC9zdmciPjwvc3ZnPg==\" \/><figcaption class=\"wp-element-caption\">UNE GROSSESSE SEREINE<\/figcaption><\/figure>\n<\/div>\n\n\n<div class=\"wp-block-buttons is-layout-flex wp-block-buttons-is-layout-flex\">\n<div class=\"wp-block-button\"><a class=\"wp-block-button__link wp-element-button\" href=\"http:\/\/resalib.fr\/p\/25420\">PRENDRE RENDEZ-VOUS<\/a><\/div>\n<\/div>\n\n\n\n<p><strong>ENCEINTE<\/strong>, LE DEVENIR:<\/p>\n\n\n\n<p>S\u00c9ANCE PR\u00c9-NATALE, CONCEPTION: Infertilit\u00e9, Levons les blocages sub-conscients!<\/p>\n\n\n\n<p>DURANT LA GROSSESSE:<\/p>\n\n\n\n<ul class=\"wp-block-list\">\n<li>diminution du stress<\/li>\n\n\n\n<li>\u00e9limination des effets n\u00e9gatifs si un \u00e9v\u00e8nement marquant \u00e9motionnel survient<\/li>\n\n\n\n<li>Soutenir le corps et la psych\u00e9 et att\u00e9nuer ce bouleversement que peut engendrer la grossesse (rythme, comportement\u2026<\/li>\n<\/ul>\n\n\n\n<p>S\u00c9ANCE POST-NATALE: Essentiel si accouchement et naissance compliqu\u00e9e.   <\/p>\n<\/div>\n<\/div>\n\n\n\n<div class=\"wp-block-columns is-layout-flex wp-container-core-columns-is-layout-9d6595d7 wp-block-columns-is-layout-flex\">\n<div class=\"wp-block-column is-layout-flow wp-block-column-is-layout-flow\">\n<figure class=\"wp-block-image size-large\"><img data-recalc-dims=\"1\" decoding=\"async\" width=\"437\" height=\"288\" data-src=\"https:\/\/i0.wp.com\/www.kinesiologue-anglet.fr\/wp-content\/uploads\/2020\/03\/virginiejeanniere-kinesiologue-anglet-epreuve-sportive-188x124-1.jpg?resize=437%2C288\" alt=\"\" class=\"wp-image-235 lazyload\" data-srcset=\"https:\/\/i0.wp.com\/www.kinesiologue-latestedebuch.fr\/wp-content\/uploads\/2020\/03\/virginiejeanniere-kinesiologue-anglet-epreuve-sportive-188x124-1.jpg?w=437&amp;ssl=1 437w, https:\/\/i0.wp.com\/www.kinesiologue-latestedebuch.fr\/wp-content\/uploads\/2020\/03\/virginiejeanniere-kinesiologue-anglet-epreuve-sportive-188x124-1.jpg?resize=300%2C198&amp;ssl=1 300w\" data-sizes=\"(max-width: 437px) 100vw, 437px\" src=\"data:image\/svg+xml;base64,PHN2ZyB3aWR0aD0iMSIgaGVpZ2h0PSIxIiB4bWxucz0iaHR0cDovL3d3dy53My5vcmcvMjAwMC9zdmciPjwvc3ZnPg==\" style=\"--smush-placeholder-width: 437px; --smush-placeholder-aspect-ratio: 437\/288;\" \/><figcaption class=\"wp-element-caption\">AM\u00c9LIORER SES PERFORMANCES<\/figcaption><\/figure>\n\n\n\n<div class=\"wp-block-buttons is-layout-flex wp-block-buttons-is-layout-flex\">\n<div class=\"wp-block-button\"><a class=\"wp-block-button__link wp-element-button\" href=\"http:\/\/resalib.fr\/p\/25420\">PRENDRE RENDEZ-VOUS<\/a><\/div>\n<\/div>\n\n\n\n<p><strong>SPORTIF \u2022 ARTISTE \u2022 ORATEUR<\/strong><\/p>\n\n\n\n<p>Ici, on va travailler l&rsquo;impact du syt\u00e8me \u00e9motionnel et les m\u00e9moires du corps, ainsi que son int\u00e9raction avec le mental!<br><br>> Examen, Comp\u00e9tition, Pr\u00e9sentation orale, Conf\u00e9rence\u2026<\/p>\n\n\n\n<p>> lev\u00e9e de blocages, de croyances, de limites, de peurs\u2026<\/p>\n\n\n\n<p>> d\u00e9faire la partie \u00e9motionnelle de l&rsquo;accident, inscrite dans le corps, pour favoriser la gu\u00e9rison et \u00e9viter de nouvelles blessures.<\/p>\n<\/div>\n\n\n\n<div class=\"wp-block-column is-layout-flow wp-block-column-is-layout-flow\">\n<figure class=\"wp-block-image size-large\"><img data-recalc-dims=\"1\" decoding=\"async\" width=\"307\" height=\"202\" data-src=\"https:\/\/i0.wp.com\/www.kinesiologue-anglet.fr\/wp-content\/uploads\/2020\/03\/virginiejeanniere-kinesiologue-anglet-douleur-chronique-188x124-1.jpg?resize=307%2C202\" alt=\"\" class=\"wp-image-236 lazyload\" data-srcset=\"https:\/\/i0.wp.com\/www.kinesiologue-latestedebuch.fr\/wp-content\/uploads\/2020\/03\/virginiejeanniere-kinesiologue-anglet-douleur-chronique-188x124-1.jpg?w=307&amp;ssl=1 307w, https:\/\/i0.wp.com\/www.kinesiologue-latestedebuch.fr\/wp-content\/uploads\/2020\/03\/virginiejeanniere-kinesiologue-anglet-douleur-chronique-188x124-1.jpg?resize=300%2C197&amp;ssl=1 300w\" data-sizes=\"(max-width: 307px) 100vw, 307px\" src=\"data:image\/svg+xml;base64,PHN2ZyB3aWR0aD0iMSIgaGVpZ2h0PSIxIiB4bWxucz0iaHR0cDovL3d3dy53My5vcmcvMjAwMC9zdmciPjwvc3ZnPg==\" style=\"--smush-placeholder-width: 307px; --smush-placeholder-aspect-ratio: 307\/202;\" \/><figcaption class=\"wp-element-caption\">SOULAGER LE CORPS<\/figcaption><\/figure>\n\n\n\n<div class=\"wp-block-buttons is-layout-flex wp-block-buttons-is-layout-flex\">\n<div class=\"wp-block-button\"><a class=\"wp-block-button__link wp-element-button\" href=\"http:\/\/resalib.fr\/p\/25420\">PRENDRE RENDEZ-VOUS<\/a><\/div>\n<\/div>\n\n\n\n<p>\u2022 Enfin se lib\u00e9rer des douleurs chroniques<\/p>\n\n\n\n<p>\u2022 Pour favoriser le <strong>r\u00e9tablissement<\/strong> apr\u00e8s une <strong>op\u00e9ration<\/strong>, un <strong>accident<\/strong>, une <strong>blessure<\/strong>: en lib\u00e9rant la charge \u00e9motionnelle li\u00e9e \u00e0 cet \u00e9v\u00e8nement.<\/p>\n<\/div>\n\n\n\n<div class=\"wp-block-column is-layout-flow wp-block-column-is-layout-flow\">\n<figure class=\"wp-block-image size-large\"><img data-recalc-dims=\"1\" decoding=\"async\" width=\"450\" height=\"300\" data-src=\"https:\/\/i0.wp.com\/www.kinesiologue-anglet.fr\/wp-content\/uploads\/2020\/01\/virginiejeanniere-kinesiologue-anglet-sante-senior.jpg?resize=450%2C300\" alt=\"\" class=\"wp-image-205 lazyload\" data-srcset=\"https:\/\/i0.wp.com\/www.kinesiologue-latestedebuch.fr\/wp-content\/uploads\/2020\/01\/virginiejeanniere-kinesiologue-anglet-sante-senior.jpg?w=450&amp;ssl=1 450w, https:\/\/i0.wp.com\/www.kinesiologue-latestedebuch.fr\/wp-content\/uploads\/2020\/01\/virginiejeanniere-kinesiologue-anglet-sante-senior.jpg?resize=300%2C200&amp;ssl=1 300w, https:\/\/i0.wp.com\/www.kinesiologue-latestedebuch.fr\/wp-content\/uploads\/2020\/01\/virginiejeanniere-kinesiologue-anglet-sante-senior.jpg?resize=270%2C180&amp;ssl=1 270w\" data-sizes=\"(max-width: 450px) 100vw, 450px\" src=\"data:image\/svg+xml;base64,PHN2ZyB3aWR0aD0iMSIgaGVpZ2h0PSIxIiB4bWxucz0iaHR0cDovL3d3dy53My5vcmcvMjAwMC9zdmciPjwvc3ZnPg==\" style=\"--smush-placeholder-width: 450px; --smush-placeholder-aspect-ratio: 450\/300;\" \/><figcaption class=\"wp-element-caption\">GARDER MOUVEMENT ET VITALIT\u00c9<\/figcaption><\/figure>\n\n\n\n<div class=\"wp-block-buttons is-layout-flex wp-block-buttons-is-layout-flex\">\n<div class=\"wp-block-button\"><a class=\"wp-block-button__link wp-element-button\" href=\"http:\/\/resalib.fr\/p\/25420\">PRENDRE RENDEZ-VOUS<\/a><\/div>\n<\/div>\n\n\n\n<p><strong>S\u00c9NIORS<\/strong>:<\/p>\n\n\n\n<p>\u2022 Douleurs<br>\u2022 Probl\u00e8me articulaire<br>\u2022 M\u00e9moire<br>\u2022 Manque d\u2019\u00e9nergie<br>\u2022 Tristesse<br>\u2022 Lassitude<br>\u2022 Rigidit\u00e9<\/p>\n<\/div>\n<\/div>\n\n\n\n<div class=\"wp-block-group\"><div class=\"wp-block-group__inner-container is-layout-flow wp-block-group-is-layout-flow\">\n<div class=\"wp-block-buttons is-layout-flex wp-block-buttons-is-layout-flex\">\n<div class=\"wp-block-button\"><a class=\"wp-block-button__link wp-element-button\" href=\"http:\/\/resalib.fr\/p\/25420\">PRENDRE RENDEZ-VOUS<\/a><\/div>\n<\/div>\n<\/div><\/div>\n\n\n\n<div class=\"wp-block-buttons is-layout-flex wp-block-buttons-is-layout-flex\">\n<div class=\"wp-block-button is-style-outline is-style-outline--1\"><a class=\"wp-block-button__link wp-element-button\" href=\"https:\/\/www.kinesiologue-latestedebuch.fr\/index.php\/seance-kinesiologie\/\">voir le d\u00e9roul\u00e9 de s\u00e9ance\/ tarifs<\/a><\/div>\n<\/div>\n\n\n\n<p><\/p>\n","protected":false},"excerpt":{"rendered":"<p>Au-del\u00e0 de mes accompagnements sp\u00e9cifiques, je vous aide \u00e0 lib\u00e9rer et traiter tous les d\u00e9s\u00e9quilibres que vous rencontrez, gr\u00e2ce \u00e0 mon expertise de plus de 6 ans! AUTRES RAISONS DE CONSULTER: voici quelques exemples: VIE ACTIVE: APPRENTISSAGE: ENCEINTE, LE DEVENIR: S\u00c9ANCE PR\u00c9-NATALE, CONCEPTION: Infertilit\u00e9, Levons les blocages sub-conscients! DURANT LA GROSSESSE: S\u00c9ANCE POST-NATALE: Essentiel si<\/p>\n","protected":false},"author":1,"featured_media":0,"parent":0,"menu_order":0,"comment_status":"closed","ping_status":"closed","template":"","meta":{"footnotes":""},"class_list":["post-136","page","type-page","status-publish"],"yoast_head":"<!-- This site is optimized with the Yoast SEO plugin v27.3 - https:\/\/yoast.com\/product\/yoast-seo-wordpress\/ -->\n<title>VIRGINIE JEANNIERE, KINESIOLOGUE DEPUIS 2019, LA TESTE DE BUCH - JE VOUS ACCOMPAGNE \u00c0 SURMONTER VOS TROUBLES ANXIEUX ET CRISES D&#039;ANGOISSE EN 3 MOIS. - Pourquoi me consulter?<\/title>\n<meta name=\"robots\" content=\"index, follow, max-snippet:-1, max-image-preview:large, max-video-preview:-1\" \/>\n<link rel=\"canonical\" href=\"https:\/\/www.kinesiologue-latestedebuch.fr\/index.php\/pour-qui-pour-quoi\/\" \/>\n<meta property=\"og:locale\" content=\"fr_FR\" \/>\n<meta property=\"og:type\" content=\"article\" \/>\n<meta property=\"og:title\" content=\"VIRGINIE JEANNIERE, KINESIOLOGUE DEPUIS 2019, LA TESTE DE BUCH - JE VOUS ACCOMPAGNE \u00c0 SURMONTER VOS TROUBLES ANXIEUX ET CRISES D&#039;ANGOISSE EN 3 MOIS. - Pourquoi me consulter?\" \/>\n<meta property=\"og:description\" content=\"Au-del\u00e0 de mes accompagnements sp\u00e9cifiques, je vous aide \u00e0 lib\u00e9rer et traiter tous les d\u00e9s\u00e9quilibres que vous rencontrez, gr\u00e2ce \u00e0 mon expertise de plus de 6 ans! AUTRES RAISONS DE CONSULTER: voici quelques exemples: VIE ACTIVE: APPRENTISSAGE: ENCEINTE, LE DEVENIR: S\u00c9ANCE PR\u00c9-NATALE, CONCEPTION: Infertilit\u00e9, Levons les blocages sub-conscients! DURANT LA GROSSESSE: S\u00c9ANCE POST-NATALE: Essentiel si\" \/>\n<meta property=\"og:url\" content=\"https:\/\/www.kinesiologue-latestedebuch.fr\/index.php\/pour-qui-pour-quoi\/\" \/>\n<meta property=\"og:site_name\" content=\"VIRGINIE JEANNIERE, KINESIOLOGUE DEPUIS 2019, LA TESTE DE BUCH\" \/>\n<meta property=\"article:publisher\" content=\"https:\/\/www.facebook.com\/virginiejeannierekinesiologue\" \/>\n<meta property=\"article:modified_time\" content=\"2025-05-21T08:41:42+00:00\" \/>\n<meta property=\"og:image\" content=\"http:\/\/www.kinesiologue-anglet.fr\/wp-content\/uploads\/2020\/01\/virginiejeanniere-kinesiologue-anglet-seance_enfant03_w-682x1024.jpg\" \/>\n<meta name=\"twitter:card\" content=\"summary_large_image\" \/>\n<meta name=\"twitter:label1\" content=\"Dur\u00e9e de lecture estim\u00e9e\" \/>\n\t<meta name=\"twitter:data1\" content=\"3 minutes\" \/>\n<script type=\"application\/ld+json\" class=\"yoast-schema-graph\">{\"@context\":\"https:\\\/\\\/schema.org\",\"@graph\":[{\"@type\":\"WebPage\",\"@id\":\"https:\\\/\\\/www.kinesiologue-latestedebuch.fr\\\/index.php\\\/pour-qui-pour-quoi\\\/\",\"url\":\"https:\\\/\\\/www.kinesiologue-latestedebuch.fr\\\/index.php\\\/pour-qui-pour-quoi\\\/\",\"name\":\"VIRGINIE JEANNIERE, KINESIOLOGUE DEPUIS 2019, LA TESTE DE BUCH - JE VOUS ACCOMPAGNE \u00c0 SURMONTER VOS TROUBLES ANXIEUX ET CRISES D&#039;ANGOISSE EN 3 MOIS. - Pourquoi me consulter?\",\"isPartOf\":{\"@id\":\"https:\\\/\\\/www.kinesiologue-latestedebuch.fr\\\/#website\"},\"primaryImageOfPage\":{\"@id\":\"https:\\\/\\\/www.kinesiologue-latestedebuch.fr\\\/index.php\\\/pour-qui-pour-quoi\\\/#primaryimage\"},\"image\":{\"@id\":\"https:\\\/\\\/www.kinesiologue-latestedebuch.fr\\\/index.php\\\/pour-qui-pour-quoi\\\/#primaryimage\"},\"thumbnailUrl\":\"http:\\\/\\\/www.kinesiologue-anglet.fr\\\/wp-content\\\/uploads\\\/2020\\\/01\\\/virginiejeanniere-kinesiologue-anglet-seance_enfant03_w-682x1024.jpg\",\"datePublished\":\"2020-01-13T12:47:51+00:00\",\"dateModified\":\"2025-05-21T08:41:42+00:00\",\"breadcrumb\":{\"@id\":\"https:\\\/\\\/www.kinesiologue-latestedebuch.fr\\\/index.php\\\/pour-qui-pour-quoi\\\/#breadcrumb\"},\"inLanguage\":\"fr-FR\",\"potentialAction\":[{\"@type\":\"ReadAction\",\"target\":[\"https:\\\/\\\/www.kinesiologue-latestedebuch.fr\\\/index.php\\\/pour-qui-pour-quoi\\\/\"]}]},{\"@type\":\"ImageObject\",\"inLanguage\":\"fr-FR\",\"@id\":\"https:\\\/\\\/www.kinesiologue-latestedebuch.fr\\\/index.php\\\/pour-qui-pour-quoi\\\/#primaryimage\",\"url\":\"http:\\\/\\\/www.kinesiologue-anglet.fr\\\/wp-content\\\/uploads\\\/2020\\\/01\\\/virginiejeanniere-kinesiologue-anglet-seance_enfant03_w-682x1024.jpg\",\"contentUrl\":\"http:\\\/\\\/www.kinesiologue-anglet.fr\\\/wp-content\\\/uploads\\\/2020\\\/01\\\/virginiejeanniere-kinesiologue-anglet-seance_enfant03_w-682x1024.jpg\"},{\"@type\":\"BreadcrumbList\",\"@id\":\"https:\\\/\\\/www.kinesiologue-latestedebuch.fr\\\/index.php\\\/pour-qui-pour-quoi\\\/#breadcrumb\",\"itemListElement\":[{\"@type\":\"ListItem\",\"position\":1,\"name\":\"Accueil\",\"item\":\"https:\\\/\\\/www.kinesiologue-latestedebuch.fr\\\/\"},{\"@type\":\"ListItem\",\"position\":2,\"name\":\"Pourquoi me consulter?\"}]},{\"@type\":\"WebSite\",\"@id\":\"https:\\\/\\\/www.kinesiologue-latestedebuch.fr\\\/#website\",\"url\":\"https:\\\/\\\/www.kinesiologue-latestedebuch.fr\\\/\",\"name\":\"KINESIOLOGUE LA TESTE DE BUCH\",\"description\":\"JE VOUS ACCOMPAGNE \u00c0 SURMONTER VOS TROUBLES ANXIEUX ET CRISES D&#039;ANGOISSE EN 3 MOIS.\",\"potentialAction\":[{\"@type\":\"SearchAction\",\"target\":{\"@type\":\"EntryPoint\",\"urlTemplate\":\"https:\\\/\\\/www.kinesiologue-latestedebuch.fr\\\/?s={search_term_string}\"},\"query-input\":{\"@type\":\"PropertyValueSpecification\",\"valueRequired\":true,\"valueName\":\"search_term_string\"}}],\"inLanguage\":\"fr-FR\"}]}<\/script>\n<!-- \/ Yoast SEO plugin. -->","yoast_head_json":{"title":"VIRGINIE JEANNIERE, KINESIOLOGUE DEPUIS 2019, LA TESTE DE BUCH - JE VOUS ACCOMPAGNE \u00c0 SURMONTER VOS TROUBLES ANXIEUX ET CRISES D&#039;ANGOISSE EN 3 MOIS. - Pourquoi me consulter?","robots":{"index":"index","follow":"follow","max-snippet":"max-snippet:-1","max-image-preview":"max-image-preview:large","max-video-preview":"max-video-preview:-1"},"canonical":"https:\/\/www.kinesiologue-latestedebuch.fr\/index.php\/pour-qui-pour-quoi\/","og_locale":"fr_FR","og_type":"article","og_title":"VIRGINIE JEANNIERE, KINESIOLOGUE DEPUIS 2019, LA TESTE DE BUCH - JE VOUS ACCOMPAGNE \u00c0 SURMONTER VOS TROUBLES ANXIEUX ET CRISES D&#039;ANGOISSE EN 3 MOIS. - Pourquoi me consulter?","og_description":"Au-del\u00e0 de mes accompagnements sp\u00e9cifiques, je vous aide \u00e0 lib\u00e9rer et traiter tous les d\u00e9s\u00e9quilibres que vous rencontrez, gr\u00e2ce \u00e0 mon expertise de plus de 6 ans! AUTRES RAISONS DE CONSULTER: voici quelques exemples: VIE ACTIVE: APPRENTISSAGE: ENCEINTE, LE DEVENIR: S\u00c9ANCE PR\u00c9-NATALE, CONCEPTION: Infertilit\u00e9, Levons les blocages sub-conscients! DURANT LA GROSSESSE: S\u00c9ANCE POST-NATALE: Essentiel si","og_url":"https:\/\/www.kinesiologue-latestedebuch.fr\/index.php\/pour-qui-pour-quoi\/","og_site_name":"VIRGINIE JEANNIERE, KINESIOLOGUE DEPUIS 2019, LA TESTE DE BUCH","article_publisher":"https:\/\/www.facebook.com\/virginiejeannierekinesiologue","article_modified_time":"2025-05-21T08:41:42+00:00","og_image":[{"url":"http:\/\/www.kinesiologue-anglet.fr\/wp-content\/uploads\/2020\/01\/virginiejeanniere-kinesiologue-anglet-seance_enfant03_w-682x1024.jpg","type":"","width":"","height":""}],"twitter_card":"summary_large_image","twitter_misc":{"Dur\u00e9e de lecture estim\u00e9e":"3 minutes"},"schema":{"@context":"https:\/\/schema.org","@graph":[{"@type":"WebPage","@id":"https:\/\/www.kinesiologue-latestedebuch.fr\/index.php\/pour-qui-pour-quoi\/","url":"https:\/\/www.kinesiologue-latestedebuch.fr\/index.php\/pour-qui-pour-quoi\/","name":"VIRGINIE JEANNIERE, KINESIOLOGUE DEPUIS 2019, LA TESTE DE BUCH - JE VOUS ACCOMPAGNE \u00c0 SURMONTER VOS TROUBLES ANXIEUX ET CRISES D&#039;ANGOISSE EN 3 MOIS. - Pourquoi me consulter?","isPartOf":{"@id":"https:\/\/www.kinesiologue-latestedebuch.fr\/#website"},"primaryImageOfPage":{"@id":"https:\/\/www.kinesiologue-latestedebuch.fr\/index.php\/pour-qui-pour-quoi\/#primaryimage"},"image":{"@id":"https:\/\/www.kinesiologue-latestedebuch.fr\/index.php\/pour-qui-pour-quoi\/#primaryimage"},"thumbnailUrl":"http:\/\/www.kinesiologue-anglet.fr\/wp-content\/uploads\/2020\/01\/virginiejeanniere-kinesiologue-anglet-seance_enfant03_w-682x1024.jpg","datePublished":"2020-01-13T12:47:51+00:00","dateModified":"2025-05-21T08:41:42+00:00","breadcrumb":{"@id":"https:\/\/www.kinesiologue-latestedebuch.fr\/index.php\/pour-qui-pour-quoi\/#breadcrumb"},"inLanguage":"fr-FR","potentialAction":[{"@type":"ReadAction","target":["https:\/\/www.kinesiologue-latestedebuch.fr\/index.php\/pour-qui-pour-quoi\/"]}]},{"@type":"ImageObject","inLanguage":"fr-FR","@id":"https:\/\/www.kinesiologue-latestedebuch.fr\/index.php\/pour-qui-pour-quoi\/#primaryimage","url":"http:\/\/www.kinesiologue-anglet.fr\/wp-content\/uploads\/2020\/01\/virginiejeanniere-kinesiologue-anglet-seance_enfant03_w-682x1024.jpg","contentUrl":"http:\/\/www.kinesiologue-anglet.fr\/wp-content\/uploads\/2020\/01\/virginiejeanniere-kinesiologue-anglet-seance_enfant03_w-682x1024.jpg"},{"@type":"BreadcrumbList","@id":"https:\/\/www.kinesiologue-latestedebuch.fr\/index.php\/pour-qui-pour-quoi\/#breadcrumb","itemListElement":[{"@type":"ListItem","position":1,"name":"Accueil","item":"https:\/\/www.kinesiologue-latestedebuch.fr\/"},{"@type":"ListItem","position":2,"name":"Pourquoi me consulter?"}]},{"@type":"WebSite","@id":"https:\/\/www.kinesiologue-latestedebuch.fr\/#website","url":"https:\/\/www.kinesiologue-latestedebuch.fr\/","name":"KINESIOLOGUE LA TESTE DE BUCH","description":"JE VOUS ACCOMPAGNE \u00c0 SURMONTER VOS TROUBLES ANXIEUX ET CRISES D&#039;ANGOISSE EN 3 MOIS.","potentialAction":[{"@type":"SearchAction","target":{"@type":"EntryPoint","urlTemplate":"https:\/\/www.kinesiologue-latestedebuch.fr\/?s={search_term_string}"},"query-input":{"@type":"PropertyValueSpecification","valueRequired":true,"valueName":"search_term_string"}}],"inLanguage":"fr-FR"}]}},"jetpack_sharing_enabled":true,"_links":{"self":[{"href":"https:\/\/www.kinesiologue-latestedebuch.fr\/index.php\/wp-json\/wp\/v2\/pages\/136","targetHints":{"allow":["GET"]}}],"collection":[{"href":"https:\/\/www.kinesiologue-latestedebuch.fr\/index.php\/wp-json\/wp\/v2\/pages"}],"about":[{"href":"https:\/\/www.kinesiologue-latestedebuch.fr\/index.php\/wp-json\/wp\/v2\/types\/page"}],"author":[{"embeddable":true,"href":"https:\/\/www.kinesiologue-latestedebuch.fr\/index.php\/wp-json\/wp\/v2\/users\/1"}],"replies":[{"embeddable":true,"href":"https:\/\/www.kinesiologue-latestedebuch.fr\/index.php\/wp-json\/wp\/v2\/comments?post=136"}],"version-history":[{"count":28,"href":"https:\/\/www.kinesiologue-latestedebuch.fr\/index.php\/wp-json\/wp\/v2\/pages\/136\/revisions"}],"predecessor-version":[{"id":901,"href":"https:\/\/www.kinesiologue-latestedebuch.fr\/index.php\/wp-json\/wp\/v2\/pages\/136\/revisions\/901"}],"wp:attachment":[{"href":"https:\/\/www.kinesiologue-latestedebuch.fr\/index.php\/wp-json\/wp\/v2\/media?parent=136"}],"curies":[{"name":"wp","href":"https:\/\/api.w.org\/{rel}","templated":true}]}}