{"id":8,"date":"2018-09-21T14:06:14","date_gmt":"2018-09-21T12:06:14","guid":{"rendered":"http:\/\/sante-naturelle.org\/?page_id=8"},"modified":"2025-11-14T12:08:45","modified_gmt":"2025-11-14T11:08:45","slug":"about","status":"publish","type":"page","link":"https:\/\/www.kinesiologue-latestedebuch.fr\/index.php\/about\/","title":{"rendered":"A propos de\u2026"},"content":{"rendered":"\n<h2 class=\"wp-block-heading\">Passionn\u00e9e de neuro-sciences, du corps &amp; de la psychologie.<\/h2>\n\n\n<div class=\"_2cuy _3dgx _2vxa\"><span style=\"color: #92cec5;\"><strong>Virginie JEANNI\u00c8RE, KIN\u00c9SIOLOGUE PROFESSIONNELLE &#8211; CERTIFI\u00c9E &amp; EN EXERCISE DEPUIS 2019.<\/strong><\/span><\/div>\n<div>\u00a0<\/div>\n<div class=\"_2cuy _3dgx _2vxa\">J&rsquo;ai suivi un enseignement riche et complet (700h+), durant deux ann\u00e9es.<\/div>\n<div class=\"_2cuy _3dgx _2vxa\">Travail, recherches, pratiques de protocoles et r\u00e9daction de m\u00e9moire, m&rsquo;ont permis d&rsquo;aboutir \u00e0 ma <strong>Certification en 2019.<\/strong><\/div>\n<div class=\"_2cuy _3dgx _2vxa\">\u00a0<\/div>\n<div>Je continue mes recherches sur les origines et la compr\u00e9hension fine des protocoles transmis et cr\u00e9\u00e9s, Outre-Atlantiques, dans les Ann\u00e9es 60.<\/div>\n<div>Je me trouve toujours fascin\u00e9e par les liens entre les connaissances ancestrales de l&rsquo;Orient, provenant de Mill\u00e9naires d&rsquo;observation du Monde et des \u00catres; et les derni\u00e8res d\u00e9couvertes scientifiques sur les fonctions neuronales et corporelles, et donc leurs interactions.<\/div>\n<div>\u00a0<\/div>\n<div>Ce qui m&rsquo;a permis de parfaire mon exp\u00e9rience, approfondir mes connaissances et ma m\u00e9thode a ensuite \u00e9t\u00e9 apport\u00e9 par le suivi de formateurs en Kin\u00e9siologie, au sein de l&rsquo;EKTC.<\/div>\n<div>Je suis moi-m\u00eame devenue formatrice, d\u00e8s 2021.<\/div>\n<div>\u00a0<\/div>\n<div>J&rsquo;adore partager, faire d\u00e9couvrir la multitude des possibilit\u00e9s que nous apporte cette m\u00e9thode, au service des personnes, afin de lib\u00e9rer des souffrances pr\u00e9sentes et pass\u00e9es.<\/div>\n<div>L&rsquo;\u00e9volution de chaque \u00e9l\u00e8ve est de plus en plus \u00e9poustouflante.<\/div>\n<div>\u00a0<\/div>\n<div>\u00a0<\/div>\n<div class=\"_2cuy _3dgx _2vxa\"><strong><span style=\"color: #92cec5;\">J&rsquo;exerce le m\u00e9tier de Kin\u00e9siologue depuis maintenant plus de 6 ans avec toujours autant de passion.<\/span><\/strong><\/div>\n<div>\u00a0<\/div>\n<div class=\"_2cuy _3dgx _2vxa\">Chaque jour pass\u00e9 au cabinet est un cadeau.<\/div>\n<div>\u00a0<\/div>\n<div class=\"_2cuy _3dgx _2vxa\">Les personnes qui me consultent prennent leur avenir en main.<\/div>\n<div>\u00a0<\/div>\n<div class=\"_2cuy _3dgx _2vxa\">En passant la porte, vous d\u00e9cidez de stopper, d&rsquo;att\u00e9nuer un symptome, un comportement, une douleur, une charge, un d\u00e9s\u00e9quilibre.<\/div>\n<div class=\"_2cuy _3dgx _2vxa\">J&rsquo;\u00e9coute cela avec la plus grande attention. Chacun de vos mots, maux, ressentis\u2026 est important pour moi.<\/div>\n<div>\u00a0<\/div>\n<div>Votre d\u00e9marche a un sens important, et j&rsquo;y consacre mon enti\u00e8re disponibilit\u00e9.<\/div>\n<div>\u00a0<\/div>\n<div>Un d\u00e9s\u00e9quilibre, quel qu&rsquo;il soit : Physique, Comportemental, \u00c9motionnel, Nutritionnel ou Psychologique -peut, d\u00e9s\u00e9quilibrer une autre sph\u00e8re.<\/div>\n<div>Celui que l&rsquo;on remarque en premier lieu, n&rsquo;est pas toujours celui qui est \u00e0 r\u00e9\u00e9quilibrer en priorit\u00e9, car les diff\u00e9rents plans cit\u00e9s au-dessus sont tous inter-reli\u00e9s.<\/div>\n<div>Mon travail est d&rsquo;aller chercher l&rsquo;origine de ce d\u00e9s\u00e9quilibre, puis d&rsquo;appliquer le protocole qui vous permettra d&rsquo;\u00e9liminer et de renforcer ce qui doit l&rsquo;\u00eatre; afin que chacune des sph\u00e8res qui vous compose puissent retrouver un fonctionnement harmonieux. Votre corps, esprit retrouvent leurs pleines capacit\u00e9s.<\/div>\n<div>\u00a0<\/div>\n<div class=\"_2cuy _3dgx _2vxa\">\u00a0<\/div>\n<div class=\"_2cuy _3dgx _2vxa\"><strong>A bient\u00f4t, au cabinet \ud83d\ude09\u00a0 \u00a0 \u00a0 <a href=\"http:\/\/www.kinesiologue-anglet.fr\/index.php\/contact\/\">PRENDRE RENDEZ-VOUS<\/a><\/strong><\/div>\n<div class=\"_2cuy _3dgx _2vxa\"><strong>Virginie Jeanni\u00e8re &#8211; Kin\u00e9siologue<\/strong><\/div>\n\n\n<div style=\"height:24px\" aria-hidden=\"true\" class=\"wp-block-spacer\"><\/div>\n\n\n\n<div class=\"wp-block-buttons is-layout-flex wp-block-buttons-is-layout-flex\">\n<div class=\"wp-block-button\"><a class=\"wp-block-button__link wp-element-button\" href=\"https:\/\/www.kinesiologue-latestedebuch.fr\/index.php\/mes-formations\/\">MES FORMATIONS<\/a><\/div>\n<\/div>\n\n\n\n<div style=\"height:24px\" aria-hidden=\"true\" class=\"wp-block-spacer\"><\/div>\n\n\n\n<div class=\"wp-block-buttons is-layout-flex wp-block-buttons-is-layout-flex\">\n<div class=\"wp-block-button\"><a class=\"wp-block-button__link wp-element-button\" href=\"https:\/\/www.kinesiologue-latestedebuch.fr\/index.php\/mes-methodes\/\">MES M\u00c9THODES<\/a><\/div>\n<\/div>\n\n\n\n<div class=\"wp-block-group is-nowrap is-layout-flex wp-container-core-group-is-layout-ad2f72ca wp-block-group-is-layout-flex\"><\/div>\n","protected":false},"excerpt":{"rendered":"<p>Passionn\u00e9e de neuro-sciences, du corps &amp; de la psychologie. Virginie JEANNI\u00c8RE, KIN\u00c9SIOLOGUE PROFESSIONNELLE &#8211; CERTIFI\u00c9E &amp; EN EXERCISE DEPUIS 2019. \u00a0 J&rsquo;ai suivi un enseignement riche et complet (700h+), durant deux ann\u00e9es. Travail, recherches, pratiques de protocoles et r\u00e9daction de m\u00e9moire, m&rsquo;ont permis d&rsquo;aboutir \u00e0 ma Certification en 2019. \u00a0 Je continue mes recherches sur<\/p>\n","protected":false},"author":1,"featured_media":128,"parent":0,"menu_order":0,"comment_status":"closed","ping_status":"closed","template":"","meta":{"footnotes":""},"class_list":["post-8","page","type-page","status-publish","has-post-thumbnail"],"yoast_head":"<!-- This site is optimized with the Yoast SEO plugin v27.5 - https:\/\/yoast.com\/product\/yoast-seo-wordpress\/ -->\n<title>VIRGINIE JEANNIERE, KINESIOLOGUE DEPUIS 2019, LA TESTE DE BUCH - A propos de\u2026 -<\/title>\n<meta name=\"description\" content=\"A propos de\u2026 Professionnelle Certifi\u00e9e, exerce en cabinet depuis 2019.\" \/>\n<meta name=\"robots\" content=\"index, follow, max-snippet:-1, max-image-preview:large, max-video-preview:-1\" \/>\n<link rel=\"canonical\" href=\"https:\/\/www.kinesiologue-latestedebuch.fr\/index.php\/about\/\" \/>\n<meta property=\"og:locale\" content=\"fr_FR\" \/>\n<meta property=\"og:type\" content=\"article\" \/>\n<meta property=\"og:title\" content=\"VIRGINIE JEANNIERE, KINESIOLOGUE DEPUIS 2019, LA TESTE DE BUCH - A propos de\u2026 -\" \/>\n<meta property=\"og:description\" content=\"A propos de\u2026 Professionnelle Certifi\u00e9e, exerce en cabinet depuis 2019.\" \/>\n<meta property=\"og:url\" content=\"https:\/\/www.kinesiologue-latestedebuch.fr\/index.php\/about\/\" \/>\n<meta property=\"og:site_name\" content=\"VIRGINIE JEANNIERE, KINESIOLOGUE DEPUIS 2019, LA TESTE DE BUCH\" \/>\n<meta property=\"article:publisher\" content=\"https:\/\/www.facebook.com\/virginiejeannierekinesiologue\" \/>\n<meta property=\"article:modified_time\" content=\"2025-11-14T11:08:45+00:00\" \/>\n<meta property=\"og:image\" content=\"http:\/\/www.kinesiologue-latestedebuch.fr\/wp-content\/uploads\/2020\/01\/virginiejeanniere-kinesiologue-anglet-seance_banner-sepia_w-scaled.jpg\" \/>\n\t<meta property=\"og:image:width\" content=\"2560\" \/>\n\t<meta property=\"og:image:height\" content=\"863\" \/>\n\t<meta property=\"og:image:type\" content=\"image\/jpeg\" \/>\n<meta name=\"twitter:card\" content=\"summary_large_image\" \/>\n<meta name=\"twitter:label1\" content=\"Dur\u00e9e de lecture estim\u00e9e\" \/>\n\t<meta name=\"twitter:data1\" content=\"3 minutes\" \/>\n<script type=\"application\/ld+json\" class=\"yoast-schema-graph\">{\"@context\":\"https:\\\/\\\/schema.org\",\"@graph\":[{\"@type\":\"WebPage\",\"@id\":\"https:\\\/\\\/www.kinesiologue-latestedebuch.fr\\\/index.php\\\/about\\\/\",\"url\":\"https:\\\/\\\/www.kinesiologue-latestedebuch.fr\\\/index.php\\\/about\\\/\",\"name\":\"VIRGINIE JEANNIERE, KINESIOLOGUE DEPUIS 2019, LA TESTE DE BUCH - A propos de\u2026 -\",\"isPartOf\":{\"@id\":\"https:\\\/\\\/www.kinesiologue-latestedebuch.fr\\\/#website\"},\"primaryImageOfPage\":{\"@id\":\"https:\\\/\\\/www.kinesiologue-latestedebuch.fr\\\/index.php\\\/about\\\/#primaryimage\"},\"image\":{\"@id\":\"https:\\\/\\\/www.kinesiologue-latestedebuch.fr\\\/index.php\\\/about\\\/#primaryimage\"},\"thumbnailUrl\":\"https:\\\/\\\/i0.wp.com\\\/www.kinesiologue-latestedebuch.fr\\\/wp-content\\\/uploads\\\/2020\\\/01\\\/virginiejeanniere-kinesiologue-anglet-seance_banner-sepia_w-scaled.jpg?fit=2560%2C863&ssl=1\",\"datePublished\":\"2018-09-21T12:06:14+00:00\",\"dateModified\":\"2025-11-14T11:08:45+00:00\",\"description\":\"A propos de\u2026 Professionnelle Certifi\u00e9e, exerce en cabinet depuis 2019.\",\"breadcrumb\":{\"@id\":\"https:\\\/\\\/www.kinesiologue-latestedebuch.fr\\\/index.php\\\/about\\\/#breadcrumb\"},\"inLanguage\":\"fr-FR\",\"potentialAction\":[{\"@type\":\"ReadAction\",\"target\":[\"https:\\\/\\\/www.kinesiologue-latestedebuch.fr\\\/index.php\\\/about\\\/\"]}]},{\"@type\":\"ImageObject\",\"inLanguage\":\"fr-FR\",\"@id\":\"https:\\\/\\\/www.kinesiologue-latestedebuch.fr\\\/index.php\\\/about\\\/#primaryimage\",\"url\":\"https:\\\/\\\/i0.wp.com\\\/www.kinesiologue-latestedebuch.fr\\\/wp-content\\\/uploads\\\/2020\\\/01\\\/virginiejeanniere-kinesiologue-anglet-seance_banner-sepia_w-scaled.jpg?fit=2560%2C863&ssl=1\",\"contentUrl\":\"https:\\\/\\\/i0.wp.com\\\/www.kinesiologue-latestedebuch.fr\\\/wp-content\\\/uploads\\\/2020\\\/01\\\/virginiejeanniere-kinesiologue-anglet-seance_banner-sepia_w-scaled.jpg?fit=2560%2C863&ssl=1\",\"width\":2560,\"height\":863},{\"@type\":\"BreadcrumbList\",\"@id\":\"https:\\\/\\\/www.kinesiologue-latestedebuch.fr\\\/index.php\\\/about\\\/#breadcrumb\",\"itemListElement\":[{\"@type\":\"ListItem\",\"position\":1,\"name\":\"Accueil\",\"item\":\"https:\\\/\\\/www.kinesiologue-latestedebuch.fr\\\/\"},{\"@type\":\"ListItem\",\"position\":2,\"name\":\"A propos de\u2026\"}]},{\"@type\":\"WebSite\",\"@id\":\"https:\\\/\\\/www.kinesiologue-latestedebuch.fr\\\/#website\",\"url\":\"https:\\\/\\\/www.kinesiologue-latestedebuch.fr\\\/\",\"name\":\"KINESIOLOGUE LA TESTE DE BUCH\",\"description\":\"JE VOUS ACCOMPAGNE \u00c0 SURMONTER VOS TROUBLES ANXIEUX ET CRISES D&#039;ANGOISSE EN 3 MOIS.\",\"potentialAction\":[{\"@type\":\"SearchAction\",\"target\":{\"@type\":\"EntryPoint\",\"urlTemplate\":\"https:\\\/\\\/www.kinesiologue-latestedebuch.fr\\\/?s={search_term_string}\"},\"query-input\":{\"@type\":\"PropertyValueSpecification\",\"valueRequired\":true,\"valueName\":\"search_term_string\"}}],\"inLanguage\":\"fr-FR\"}]}<\/script>\n<!-- \/ Yoast SEO plugin. -->","yoast_head_json":{"title":"VIRGINIE JEANNIERE, KINESIOLOGUE DEPUIS 2019, LA TESTE DE BUCH - A propos de\u2026 -","description":"A propos de\u2026 Professionnelle Certifi\u00e9e, exerce en cabinet depuis 2019.","robots":{"index":"index","follow":"follow","max-snippet":"max-snippet:-1","max-image-preview":"max-image-preview:large","max-video-preview":"max-video-preview:-1"},"canonical":"https:\/\/www.kinesiologue-latestedebuch.fr\/index.php\/about\/","og_locale":"fr_FR","og_type":"article","og_title":"VIRGINIE JEANNIERE, KINESIOLOGUE DEPUIS 2019, LA TESTE DE BUCH - A propos de\u2026 -","og_description":"A propos de\u2026 Professionnelle Certifi\u00e9e, exerce en cabinet depuis 2019.","og_url":"https:\/\/www.kinesiologue-latestedebuch.fr\/index.php\/about\/","og_site_name":"VIRGINIE JEANNIERE, KINESIOLOGUE DEPUIS 2019, LA TESTE DE BUCH","article_publisher":"https:\/\/www.facebook.com\/virginiejeannierekinesiologue","article_modified_time":"2025-11-14T11:08:45+00:00","og_image":[{"width":2560,"height":863,"url":"http:\/\/www.kinesiologue-latestedebuch.fr\/wp-content\/uploads\/2020\/01\/virginiejeanniere-kinesiologue-anglet-seance_banner-sepia_w-scaled.jpg","type":"image\/jpeg"}],"twitter_card":"summary_large_image","twitter_misc":{"Dur\u00e9e de lecture estim\u00e9e":"3 minutes"},"schema":{"@context":"https:\/\/schema.org","@graph":[{"@type":"WebPage","@id":"https:\/\/www.kinesiologue-latestedebuch.fr\/index.php\/about\/","url":"https:\/\/www.kinesiologue-latestedebuch.fr\/index.php\/about\/","name":"VIRGINIE JEANNIERE, KINESIOLOGUE DEPUIS 2019, LA TESTE DE BUCH - A propos de\u2026 -","isPartOf":{"@id":"https:\/\/www.kinesiologue-latestedebuch.fr\/#website"},"primaryImageOfPage":{"@id":"https:\/\/www.kinesiologue-latestedebuch.fr\/index.php\/about\/#primaryimage"},"image":{"@id":"https:\/\/www.kinesiologue-latestedebuch.fr\/index.php\/about\/#primaryimage"},"thumbnailUrl":"https:\/\/i0.wp.com\/www.kinesiologue-latestedebuch.fr\/wp-content\/uploads\/2020\/01\/virginiejeanniere-kinesiologue-anglet-seance_banner-sepia_w-scaled.jpg?fit=2560%2C863&ssl=1","datePublished":"2018-09-21T12:06:14+00:00","dateModified":"2025-11-14T11:08:45+00:00","description":"A propos de\u2026 Professionnelle Certifi\u00e9e, exerce en cabinet depuis 2019.","breadcrumb":{"@id":"https:\/\/www.kinesiologue-latestedebuch.fr\/index.php\/about\/#breadcrumb"},"inLanguage":"fr-FR","potentialAction":[{"@type":"ReadAction","target":["https:\/\/www.kinesiologue-latestedebuch.fr\/index.php\/about\/"]}]},{"@type":"ImageObject","inLanguage":"fr-FR","@id":"https:\/\/www.kinesiologue-latestedebuch.fr\/index.php\/about\/#primaryimage","url":"https:\/\/i0.wp.com\/www.kinesiologue-latestedebuch.fr\/wp-content\/uploads\/2020\/01\/virginiejeanniere-kinesiologue-anglet-seance_banner-sepia_w-scaled.jpg?fit=2560%2C863&ssl=1","contentUrl":"https:\/\/i0.wp.com\/www.kinesiologue-latestedebuch.fr\/wp-content\/uploads\/2020\/01\/virginiejeanniere-kinesiologue-anglet-seance_banner-sepia_w-scaled.jpg?fit=2560%2C863&ssl=1","width":2560,"height":863},{"@type":"BreadcrumbList","@id":"https:\/\/www.kinesiologue-latestedebuch.fr\/index.php\/about\/#breadcrumb","itemListElement":[{"@type":"ListItem","position":1,"name":"Accueil","item":"https:\/\/www.kinesiologue-latestedebuch.fr\/"},{"@type":"ListItem","position":2,"name":"A propos de\u2026"}]},{"@type":"WebSite","@id":"https:\/\/www.kinesiologue-latestedebuch.fr\/#website","url":"https:\/\/www.kinesiologue-latestedebuch.fr\/","name":"KINESIOLOGUE LA TESTE DE BUCH","description":"JE VOUS ACCOMPAGNE \u00c0 SURMONTER VOS TROUBLES ANXIEUX ET CRISES D&#039;ANGOISSE EN 3 MOIS.","potentialAction":[{"@type":"SearchAction","target":{"@type":"EntryPoint","urlTemplate":"https:\/\/www.kinesiologue-latestedebuch.fr\/?s={search_term_string}"},"query-input":{"@type":"PropertyValueSpecification","valueRequired":true,"valueName":"search_term_string"}}],"inLanguage":"fr-FR"}]}},"jetpack_sharing_enabled":true,"_links":{"self":[{"href":"https:\/\/www.kinesiologue-latestedebuch.fr\/index.php\/wp-json\/wp\/v2\/pages\/8","targetHints":{"allow":["GET"]}}],"collection":[{"href":"https:\/\/www.kinesiologue-latestedebuch.fr\/index.php\/wp-json\/wp\/v2\/pages"}],"about":[{"href":"https:\/\/www.kinesiologue-latestedebuch.fr\/index.php\/wp-json\/wp\/v2\/types\/page"}],"author":[{"embeddable":true,"href":"https:\/\/www.kinesiologue-latestedebuch.fr\/index.php\/wp-json\/wp\/v2\/users\/1"}],"replies":[{"embeddable":true,"href":"https:\/\/www.kinesiologue-latestedebuch.fr\/index.php\/wp-json\/wp\/v2\/comments?post=8"}],"version-history":[{"count":17,"href":"https:\/\/www.kinesiologue-latestedebuch.fr\/index.php\/wp-json\/wp\/v2\/pages\/8\/revisions"}],"predecessor-version":[{"id":978,"href":"https:\/\/www.kinesiologue-latestedebuch.fr\/index.php\/wp-json\/wp\/v2\/pages\/8\/revisions\/978"}],"wp:featuredmedia":[{"embeddable":true,"href":"https:\/\/www.kinesiologue-latestedebuch.fr\/index.php\/wp-json\/wp\/v2\/media\/128"}],"wp:attachment":[{"href":"https:\/\/www.kinesiologue-latestedebuch.fr\/index.php\/wp-json\/wp\/v2\/media?parent=8"}],"curies":[{"name":"wp","href":"https:\/\/api.w.org\/{rel}","templated":true}]}}